{"id":112,"date":"2013-04-04T09:35:46","date_gmt":"2013-04-04T08:35:46","guid":{"rendered":"http:\/\/marjolletnaturopathe.fr\/?page_id=112"},"modified":"2013-05-07T10:12:33","modified_gmt":"2013-05-07T09:12:33","slug":"programme-individualise","status":"publish","type":"page","link":"https:\/\/marjolletnaturopathe.fr\/?page_id=112","title":{"rendered":"Programme individualis\u00e9"},"content":{"rendered":"<p style=\"padding-left: 30px;\">Un programme compos\u00e9 de recommandations personnalis\u00e9es est \u00e9tabli \u00e0 l\u2019issue de la consultation. Il utilise diff\u00e9rentes techniques naturelles : le r\u00e9glage alimentaire, la phytoth\u00e9rapie, l\u2019aromath\u00e9rapie, et toutes techniques qui visent \u00e0 r\u00e9tablir un terrain propice \u00e0 une bonne sant\u00e9.<\/p>\n<p style=\"padding-left: 30px;\"><em>Ce programme ne dispense pas d\u2019un suivi m\u00e9dical, et ne se substitue pas \u00e0 un traitement m\u00e9dical prescrit par le m\u00e9decin.<\/em><\/p>\n","protected":false},"excerpt":{"rendered":"<p>Un programme compos\u00e9 de recommandations personnalis\u00e9es est \u00e9tabli \u00e0 l\u2019issue de la consultation. Il utilise diff\u00e9rentes techniques naturelles : le r\u00e9glage alimentaire, la phytoth\u00e9rapie, l\u2019aromath\u00e9rapie, et toutes techniques qui visent \u00e0 r\u00e9tablir un terrain propice \u00e0 une bonne sant\u00e9. Ce programme ne dispense pas d\u2019un suivi m\u00e9dical, et ne se substitue pas \u00e0 un traitement [&hellip;]<\/p>\n","protected":false},"author":1,"featured_media":0,"parent":0,"menu_order":0,"comment_status":"closed","ping_status":"closed","template":"","meta":{"footnotes":""},"class_list":["post-112","page","type-page","status-publish","hentry"],"_links":{"self":[{"href":"https:\/\/marjolletnaturopathe.fr\/index.php?rest_route=\/wp\/v2\/pages\/112","targetHints":{"allow":["GET"]}}],"collection":[{"href":"https:\/\/marjolletnaturopathe.fr\/index.php?rest_route=\/wp\/v2\/pages"}],"about":[{"href":"https:\/\/marjolletnaturopathe.fr\/index.php?rest_route=\/wp\/v2\/types\/page"}],"author":[{"embeddable":true,"href":"https:\/\/marjolletnaturopathe.fr\/index.php?rest_route=\/wp\/v2\/users\/1"}],"replies":[{"embeddable":true,"href":"https:\/\/marjolletnaturopathe.fr\/index.php?rest_route=%2Fwp%2Fv2%2Fcomments&post=112"}],"version-history":[{"count":5,"href":"https:\/\/marjolletnaturopathe.fr\/index.php?rest_route=\/wp\/v2\/pages\/112\/revisions"}],"predecessor-version":[{"id":202,"href":"https:\/\/marjolletnaturopathe.fr\/index.php?rest_route=\/wp\/v2\/pages\/112\/revisions\/202"}],"wp:attachment":[{"href":"https:\/\/marjolletnaturopathe.fr\/index.php?rest_route=%2Fwp%2Fv2%2Fmedia&parent=112"}],"curies":[{"name":"wp","href":"https:\/\/api.w.org\/{rel}","templated":true}]}}