{"id":14,"date":"2013-03-28T15:34:59","date_gmt":"2013-03-28T14:34:59","guid":{"rendered":"https:\/\/marjolletnaturopathe.fr\/?page_id=14"},"modified":"2022-06-13T09:37:16","modified_gmt":"2022-06-13T08:37:16","slug":"presentation","status":"publish","type":"page","link":"https:\/\/marjolletnaturopathe.fr\/?page_id=14","title":{"rendered":"Pr\u00e9sentation"},"content":{"rendered":"<p style=\"padding-left: 30px;\"><strong>Corinne MARJOLLET E.I. est :<\/strong><\/p>\n<p style=\"padding-left: 30px;\"><strong>Form\u00e9e \u00e0 :<\/strong><\/p>\n<ul style=\"padding-left: 30px;\">\n<li style=\"padding-left: 30px;\">Institut <em>Euronature<\/em>, \u00e9cole de naturopathie agr\u00e9\u00e9e FENA (F\u00e9d\u00e9ration nationale de naturopathie)<\/li>\n<li style=\"padding-left: 30px;\"><em>NAET-Europe<\/em> : m\u00e9thode NAET (Nambudripad\u2019s Allergy Elimination Techniques)<\/li>\n<li style=\"padding-left: 30px;\">ALLERGYFREE : m\u00e9thode TRM (Total Reset Method) : plus de d\u00e9tails dans la page NAET\/TRM<\/li>\n<li style=\"padding-left: 30px;\"><em>Aesculape<\/em> : Fleurs de Bach<\/li>\n<li style=\"padding-left: 30px;\"><em>SVermard<\/em> : Massage AMMA assis traditionnel chinois<\/li>\n<li style=\"padding-left: 30px;\"><em>DrHumana<\/em> (26) : Cosm\u00e9tique bio artisanale<\/li>\n<\/ul>\n<div style=\"padding-left: 30px;\"><strong>Adh\u00e9rente \u00e0 l\u2019OMNES<\/strong> (Organisation de la M\u00e9decine Naturelle et de l\u2019Education Sanitaire), membre de la F\u00e9d\u00e9ration Internationale de Naturopathie.<\/div>\n<div><a href=\"https:\/\/marjolletnaturopathe.fr\/wp-content\/uploads\/2015\/01\/LOGO-2015.jpg\"><img loading=\"lazy\" decoding=\"async\" class=\"alignnone wp-image-487 size-thumbnail\" src=\"https:\/\/marjolletnaturopathe.fr\/wp-content\/uploads\/2015\/01\/LOGO-2015-150x150.jpg\" alt=\"recherche-logo-01\" width=\"150\" height=\"150\" \/><\/a><\/div>\n","protected":false},"excerpt":{"rendered":"<p>Corinne MARJOLLET E.I. est : Form\u00e9e \u00e0 : Institut Euronature, \u00e9cole de naturopathie agr\u00e9\u00e9e FENA (F\u00e9d\u00e9ration nationale de naturopathie) NAET-Europe : m\u00e9thode NAET (Nambudripad\u2019s Allergy Elimination Techniques) ALLERGYFREE : m\u00e9thode TRM (Total Reset Method) : plus de d\u00e9tails dans la page NAET\/TRM Aesculape : Fleurs de Bach SVermard : Massage AMMA assis traditionnel chinois DrHumana [&hellip;]<\/p>\n","protected":false},"author":1,"featured_media":0,"parent":0,"menu_order":0,"comment_status":"closed","ping_status":"closed","template":"","meta":{"footnotes":""},"class_list":["post-14","page","type-page","status-publish","hentry"],"_links":{"self":[{"href":"https:\/\/marjolletnaturopathe.fr\/index.php?rest_route=\/wp\/v2\/pages\/14","targetHints":{"allow":["GET"]}}],"collection":[{"href":"https:\/\/marjolletnaturopathe.fr\/index.php?rest_route=\/wp\/v2\/pages"}],"about":[{"href":"https:\/\/marjolletnaturopathe.fr\/index.php?rest_route=\/wp\/v2\/types\/page"}],"author":[{"embeddable":true,"href":"https:\/\/marjolletnaturopathe.fr\/index.php?rest_route=\/wp\/v2\/users\/1"}],"replies":[{"embeddable":true,"href":"https:\/\/marjolletnaturopathe.fr\/index.php?rest_route=%2Fwp%2Fv2%2Fcomments&post=14"}],"version-history":[{"count":5,"href":"https:\/\/marjolletnaturopathe.fr\/index.php?rest_route=\/wp\/v2\/pages\/14\/revisions"}],"predecessor-version":[{"id":785,"href":"https:\/\/marjolletnaturopathe.fr\/index.php?rest_route=\/wp\/v2\/pages\/14\/revisions\/785"}],"wp:attachment":[{"href":"https:\/\/marjolletnaturopathe.fr\/index.php?rest_route=%2Fwp%2Fv2%2Fmedia&parent=14"}],"curies":[{"name":"wp","href":"https:\/\/api.w.org\/{rel}","templated":true}]}}