{"id":262,"date":"2013-11-05T15:49:54","date_gmt":"2013-11-05T14:49:54","guid":{"rendered":"http:\/\/marjolletnaturopathe.fr\/?page_id=262"},"modified":"2025-01-28T17:01:23","modified_gmt":"2025-01-28T16:01:23","slug":"liens","status":"publish","type":"page","link":"https:\/\/marjolletnaturopathe.fr\/?page_id=262","title":{"rendered":"Liens"},"content":{"rendered":"<ul>\n<li>Nina DUFOUR Psychologue clinicienne et psychoth\u00e9rapeute &#8211; consultation au 80 bis rue Feuillat LYON 3<strong>\u00a0<\/strong> <span style=\"color: #47bf89;\"><a style=\"color: #47bf89;\" href=\"http:\/\/www.psychologue-ninadufour.fr\">www.psychologue-ninadufour.fr<\/a><\/span><\/li>\n<li>Chantal RIVIERE Psychologue &#8211; consultation en ligne (visio ou t\u00e9l\u00e9consult) t\u00e9l 06 78 13 61 08\u00a0\u00a0\u00a0\u00a0<span style=\"color: #00ccff;\"><a style=\"color: #00ccff;\" title=\"https:\/\/www.psychologue.net\/cabinets\/en-ligne\" href=\"https:\/\/www.psychologue.net\/cabinets\/en-ligne\">https:\/\/www.psychologue.net\/cabinets\/en-ligne<\/a>\u00a0<\/span><\/li>\n<li>Association stop aux violences sexuelles Rh\u00f4ne : mail : pf.69@stopauxviolencessexuelles.com \u00a0<span style=\"color: #00ff00;\"><a style=\"color: #00ff00;\" href=\"https:\/\/www.svs69.fr\">https:\/\/www.stopauxviolencessexuelles.com<\/a><\/span><\/li>\n<li><img loading=\"lazy\" decoding=\"async\" class=\"alignnone size-thumbnail wp-image-803\" src=\"https:\/\/marjolletnaturopathe.fr\/wp-content\/uploads\/2023\/02\/Article-Magazine-ville-dOullins-sur-ATE-SVS-Fevrier-2023-150x150.jpg\" alt=\"\" width=\"150\" height=\"150\" \/><\/li>\n<li>Envie2resilience : promouvoir la r\u00e9silience dans la sph\u00e8re professionnelle : <a href=\"https:\/\/www.envie2resilience.org\">www.envie2resilience.org<\/a><\/li>\n<\/ul>\n<ul>\n<li>Florie FONTERME Biographe\u00a0<a href=\"https:\/\/regardssursoi.fr\/\">https:\/\/regardssursoi.fr\/<\/a><\/li>\n<li>YOGA en ligne <em>L\u00e6titia TRONVILLE<\/em> <a href=\"https:\/\/laetitiatronville.com\/\">https:\/\/laetitiatronville.com\/<\/a><\/li>\n<li>YOGA cours et stages \u00e0 Lyon 3\u00e8me : Paule Cornet <a href=\"http:\/\/www.yoga-pour-nous.com\/\">http:\/\/www.yoga-pour-nous.com\/<\/a><\/li>\n<li>OIS Krav Maga Lyon : <span style=\"color: #ff00ff;\"><a style=\"color: #ff00ff;\" href=\"mailto:oiskrav.femmes@gmail.com\">oiskrav.femmes@gmail.com<\/a><\/span><\/li>\n<li>F\u00e9d\u00e9ration mondiale de naturopathie : <a href=\"http:\/\/www.worldnaturopaticfederation.org\">www.worldnaturopaticfederation.org<\/a><\/li>\n<\/ul>\n\n\n<p><\/p>\n","protected":false},"excerpt":{"rendered":"<p>Nina DUFOUR Psychologue clinicienne et psychoth\u00e9rapeute &#8211; consultation au 80 bis rue Feuillat LYON 3\u00a0 www.psychologue-ninadufour.fr Chantal RIVIERE Psychologue &#8211; consultation en ligne (visio ou t\u00e9l\u00e9consult) t\u00e9l 06 78 13 61 08\u00a0\u00a0\u00a0\u00a0https:\/\/www.psychologue.net\/cabinets\/en-ligne\u00a0 Association stop aux violences sexuelles Rh\u00f4ne : mail : pf.69@stopauxviolencessexuelles.com \u00a0https:\/\/www.stopauxviolencessexuelles.com Envie2resilience : promouvoir la r\u00e9silience dans la sph\u00e8re professionnelle : www.envie2resilience.org Florie [&hellip;]<\/p>\n","protected":false},"author":1,"featured_media":0,"parent":0,"menu_order":0,"comment_status":"open","ping_status":"open","template":"","meta":{"footnotes":""},"class_list":["post-262","page","type-page","status-publish","hentry"],"_links":{"self":[{"href":"https:\/\/marjolletnaturopathe.fr\/index.php?rest_route=\/wp\/v2\/pages\/262","targetHints":{"allow":["GET"]}}],"collection":[{"href":"https:\/\/marjolletnaturopathe.fr\/index.php?rest_route=\/wp\/v2\/pages"}],"about":[{"href":"https:\/\/marjolletnaturopathe.fr\/index.php?rest_route=\/wp\/v2\/types\/page"}],"author":[{"embeddable":true,"href":"https:\/\/marjolletnaturopathe.fr\/index.php?rest_route=\/wp\/v2\/users\/1"}],"replies":[{"embeddable":true,"href":"https:\/\/marjolletnaturopathe.fr\/index.php?rest_route=%2Fwp%2Fv2%2Fcomments&post=262"}],"version-history":[{"count":10,"href":"https:\/\/marjolletnaturopathe.fr\/index.php?rest_route=\/wp\/v2\/pages\/262\/revisions"}],"predecessor-version":[{"id":870,"href":"https:\/\/marjolletnaturopathe.fr\/index.php?rest_route=\/wp\/v2\/pages\/262\/revisions\/870"}],"wp:attachment":[{"href":"https:\/\/marjolletnaturopathe.fr\/index.php?rest_route=%2Fwp%2Fv2%2Fmedia&parent=262"}],"curies":[{"name":"wp","href":"https:\/\/api.w.org\/{rel}","templated":true}]}}