{"id":477,"date":"2014-12-09T11:24:09","date_gmt":"2014-12-09T10:24:09","guid":{"rendered":"http:\/\/marjolletnaturopathe.fr\/?page_id=477"},"modified":"2023-01-30T18:06:43","modified_gmt":"2023-01-30T17:06:43","slug":"oligoscan","status":"publish","type":"page","link":"https:\/\/marjolletnaturopathe.fr\/?page_id=477","title":{"rendered":"OLIGOSCAN"},"content":{"rendered":"<p><strong>Le cabinet est \u00e9quip\u00e9 d&rsquo;un scanner OLIGOSCAN So-CHECK, <\/strong>m\u00e9thode innovante pour mesurer en temps r\u00e9el :<\/p>\n<ul>\n<li>l&rsquo;intoxication aux <span style=\"color: #800080;\">m\u00e9taux lourds<\/span><\/li>\n<li>les carences et exc\u00e8s des <span style=\"color: #800080;\">oligo-\u00e9l\u00e9ments et des min\u00e9raux, et les vitamines par corr\u00e9lations<br \/>\n<\/span><\/li>\n<li>le niveau du <span style=\"color: #800080;\"><span style=\"color: #800080;\">stress oxydatif<\/span><\/span>\n\t\t<style type=\"text\/css\">\n\t\t\t#gallery-1 {\n\t\t\t\tmargin: auto;\n\t\t\t}\n\t\t\t#gallery-1 .gallery-item {\n\t\t\t\tfloat: left;\n\t\t\t\tmargin-top: 10px;\n\t\t\t\ttext-align: center;\n\t\t\t\twidth: 50%;\n\t\t\t}\n\t\t\t#gallery-1 img {\n\t\t\t\tborder: 2px solid #cfcfcf;\n\t\t\t}\n\t\t\t#gallery-1 .gallery-caption {\n\t\t\t\tmargin-left: 0;\n\t\t\t}\n\t\t\t\/* see gallery_shortcode() in wp-includes\/media.php *\/\n\t\t<\/style>\n\t\t<div id='gallery-1' class='gallery galleryid-477 gallery-columns-2 gallery-size-thumbnail'><dl class='gallery-item'>\n\t\t\t<dt class='gallery-icon portrait'>\n\t\t\t\t<a href='https:\/\/marjolletnaturopathe.fr\/?attachment_id=500'><img loading=\"lazy\" decoding=\"async\" width=\"150\" height=\"150\" src=\"https:\/\/marjolletnaturopathe.fr\/wp-content\/uploads\/2015\/02\/bilan-type-ML-OE-min\u00e9raux-150x150.jpg\" class=\"attachment-thumbnail size-thumbnail\" alt=\"\" \/><\/a>\n\t\t\t<\/dt><\/dl><dl class='gallery-item'>\n\t\t\t<dt class='gallery-icon portrait'>\n\t\t\t\t<a href='https:\/\/marjolletnaturopathe.fr\/?attachment_id=499'><img loading=\"lazy\" decoding=\"async\" width=\"150\" height=\"150\" src=\"https:\/\/marjolletnaturopathe.fr\/wp-content\/uploads\/2015\/02\/Bilan-type-fonctions-physio-150x150.jpg\" class=\"attachment-thumbnail size-thumbnail\" alt=\"\" \/><\/a>\n\t\t\t<\/dt><\/dl><br style=\"clear: both\" \/>\n\t\t<\/div>\n<\/li>\n<\/ul>\n<p>La prise de mesures est faite au cabinet, sur 4 points diff\u00e9rents de la paume de la main, par spectrophotom\u00e9trie (m\u00e9thode qui utilise les propri\u00e9t\u00e9s d&rsquo;absorption du spectre lumineux par un support). Les r\u00e9sultats sont instantan\u00e9s et constituent un outil compl\u00e9mentaire \u00e0 l&rsquo;anamn\u00e8se, en vue de la correction des carences ou exc\u00e8s min\u00e9raux et\/ou de correction s&rsquo;agissant des m\u00e9taux lourds.<\/p>\n<p>OLIGOSCAN <em>CE MEDICAL 0499<\/em><\/p>\n<h3><em><span style=\"text-decoration: underline;\"><strong>Tarifs<\/strong> <\/span>(dans le cadre des consultations) :<\/em><\/h3>\n<p>Bilan <strong>Oligocheck standard<\/strong> (12 min\u00e9raux et oligo-\u00e9l\u00e9ments, 2 vitamines, et corr\u00e9lations), interpr\u00e9tation : 10 \u20ac (+ tarif consultation)<\/p>\n<p>Bilan <strong>Oligocheck complet<\/strong> (21 min\u00e9raux et oligo-\u00e9l\u00e9ments, m\u00e9taux lourds d\u00e9taill\u00e9s, 7 vitamines, et corr\u00e9lations), interpr\u00e9tation: 50 \u20ac (+ tarif consultation)<\/p>\n<h3><em><strong>Tarifs hors consultation :<\/strong><\/em><\/h3>\n<p>Bilan Oligocheck complet sans interpr\u00e9tations ni conseils (suivi autre praticien) : 70 \u20ac<\/p>\n","protected":false},"excerpt":{"rendered":"<p>Le cabinet est \u00e9quip\u00e9 d&rsquo;un scanner OLIGOSCAN So-CHECK, m\u00e9thode innovante pour mesurer en temps r\u00e9el : l&rsquo;intoxication aux m\u00e9taux lourds les carences et exc\u00e8s des oligo-\u00e9l\u00e9ments et des min\u00e9raux, et les vitamines par corr\u00e9lations le niveau du stress oxydatif La prise de mesures est faite au cabinet, sur 4 points diff\u00e9rents de la paume de [&hellip;]<\/p>\n","protected":false},"author":1,"featured_media":0,"parent":0,"menu_order":0,"comment_status":"open","ping_status":"open","template":"","meta":{"footnotes":""},"class_list":["post-477","page","type-page","status-publish","hentry"],"_links":{"self":[{"href":"https:\/\/marjolletnaturopathe.fr\/index.php?rest_route=\/wp\/v2\/pages\/477","targetHints":{"allow":["GET"]}}],"collection":[{"href":"https:\/\/marjolletnaturopathe.fr\/index.php?rest_route=\/wp\/v2\/pages"}],"about":[{"href":"https:\/\/marjolletnaturopathe.fr\/index.php?rest_route=\/wp\/v2\/types\/page"}],"author":[{"embeddable":true,"href":"https:\/\/marjolletnaturopathe.fr\/index.php?rest_route=\/wp\/v2\/users\/1"}],"replies":[{"embeddable":true,"href":"https:\/\/marjolletnaturopathe.fr\/index.php?rest_route=%2Fwp%2Fv2%2Fcomments&post=477"}],"version-history":[{"count":5,"href":"https:\/\/marjolletnaturopathe.fr\/index.php?rest_route=\/wp\/v2\/pages\/477\/revisions"}],"predecessor-version":[{"id":796,"href":"https:\/\/marjolletnaturopathe.fr\/index.php?rest_route=\/wp\/v2\/pages\/477\/revisions\/796"}],"wp:attachment":[{"href":"https:\/\/marjolletnaturopathe.fr\/index.php?rest_route=%2Fwp%2Fv2%2Fmedia&parent=477"}],"curies":[{"name":"wp","href":"https:\/\/api.w.org\/{rel}","templated":true}]}}