{"id":642,"date":"2016-11-09T09:59:33","date_gmt":"2016-11-09T08:59:33","guid":{"rendered":"http:\/\/marjolletnaturopathe.fr\/?page_id=642"},"modified":"2018-11-08T11:34:19","modified_gmt":"2018-11-08T10:34:19","slug":"magnomega","status":"publish","type":"page","link":"https:\/\/marjolletnaturopathe.fr\/?page_id=642","title":{"rendered":"MAGNOMEGA\u00ae"},"content":{"rendered":"<p>Dans<strong> notre corps tout est fr\u00e9quences, vibrations<\/strong>. Le vivant poss\u00e8de des fr\u00e9quences comme la fr\u00e9quence cardiaque, respiratoire, ovulaire, etc. Toutes ses fr\u00e9quences sont en coh\u00e9sion : c\u2019est la <strong>COHESION VIBRATOIRE<\/strong> qui assure l\u2019\u00e9quilibre de l\u2019organisme sur tous les plans : psychique, physique, m\u00e9tabolique et organique. Tout au long de notre vie, les modifications psychique (stress), physique (accidents, chirurgie), m\u00e9tabolique (hygi\u00e8ne de vie, alimentation) et organique viennent perturber cette subtile coh\u00e9sion. Si pendant un temps on peut mettre en place des syst\u00e8mes de d\u00e9fense ou de compensation, il arrive un moment o\u00f9 notre organisme n\u2019arrive plus \u00e0 sauvegarder cette coh\u00e9sion vibratoire. Nous sommes en \u00e9tat de d\u00e9compensation, c\u2019est \u00e0 dire en mode pathologie.<br \/>\nPartant de ce principe, <strong>Jean Fran\u00e7ois Berthet<\/strong> kin\u00e9sith\u00e9rapeute en collaboration avec le Docteur Constantinescu neuro-psychiatre, <strong>a d\u00e8s le d\u00e9but des ann\u00e9es 1980 mis au point la Magnomega-th\u00e9rapie\u00ae<\/strong> qui permet de retrouver un \u00e9quilibre g\u00e9n\u00e9ral rapidement. Il s\u2019agit de s\u2019appuyer sur les <span style=\"color: #333333;\"><strong>champs magn\u00e9tiques bio-puls\u00e9s <\/strong><\/span>; le MAGNOMEGA\u00ae utilise une forme de champs magn\u00e9tiques alternant des signaux horizontaux et verticaux, comme les champs magn\u00e9tiques terrestres, et puls\u00e9s \u00e0 des rythmes organiques. En Magnomega-th\u00e9rapie\u00ae les fr\u00e9quences seront adapt\u00e9es au patient.<br \/>\n<span style=\"text-decoration: underline;\"><strong><span style=\"color: #800080; text-decoration: underline;\">Principe du MAGNOMEGA\u00ae<\/span><\/strong><\/span><br \/>\nLe Dr Constantinescu, aid\u00e9 par le physicien Yves Rocard s\u2019est inspir\u00e9 du mod\u00e8le du champ g\u00e9omagn\u00e9tique terrestre : tr\u00e8s faible intensit\u00e9, micro-pulsations, forme du signal, etc\u2026<br \/>\nUn g\u00e9n\u00e9rateur de signaux \u00e9lectriques alimente des ferrites sp\u00e9cifiques fix\u00e9es dans les \u00e9metteurs, ceux-ci cr\u00e9ant alors un <strong>champ magn\u00e9tique PUR<\/strong> (sans champ \u00e9lectrique) distribu\u00e9 au rythme de 1 \u00e0 540 P\/s. Cette plage de fr\u00e9quences, choisie pour ses effets th\u00e9rapeutiques sur les organismes vivants, couvre une partie de la bande passante des micro-pulsations de basses fr\u00e9quences du champ magn\u00e9tique terrestre (r\u00e9sonance de Schumann).<br \/>\nPartant de l\u00e0, le Dr Constantinescu et Jean Fran\u00e7ois Berthet ont \u00e9labor\u00e9 une <strong>m\u00e9thode de traitement holistique fond\u00e9e sur la recherche et la compr\u00e9hension des causes profondes, souvent anciennes, de la maladie afin de traiter celles-ci, et pas seulement les sympt\u00f4mes.<\/strong><\/p>\n<p>La Magnomega-th\u00e9rapie, inscrite dans une approche globale, sera utilement appliqu\u00e9e dans les<em> tendinopathies, arthroses, algoneurodystrophie, acouph\u00e8nes, endom\u00e9trioses, m\u00e9nopauses, fibromyalgies, Parkinson, sciatiques<\/em>, et bien plus&#8230;<br \/>\n<span style=\"color: #800080;\">La Magnomega-th\u00e9rapie\u00ae est non invasive, indolore, sans effets secondaires et n\u2019utilise aucune substance.<\/span><\/p>\n<p><strong><span style=\"color: #800080;\">EN SAVOIR PLUS\u00a0<\/span> <\/strong>: <a href=\"http:\/\/www.magnomega.com\/\">http:\/\/www.magnomega.com\/<\/a><\/p>\n<p>&nbsp;<\/p>\n","protected":false},"excerpt":{"rendered":"<p>Dans notre corps tout est fr\u00e9quences, vibrations. Le vivant poss\u00e8de des fr\u00e9quences comme la fr\u00e9quence cardiaque, respiratoire, ovulaire, etc. Toutes ses fr\u00e9quences sont en coh\u00e9sion : c\u2019est la COHESION VIBRATOIRE qui assure l\u2019\u00e9quilibre de l\u2019organisme sur tous les plans : psychique, physique, m\u00e9tabolique et organique. Tout au long de notre vie, les modifications psychique (stress), [&hellip;]<\/p>\n","protected":false},"author":1,"featured_media":0,"parent":0,"menu_order":0,"comment_status":"closed","ping_status":"open","template":"","meta":{"footnotes":""},"class_list":["post-642","page","type-page","status-publish","hentry"],"_links":{"self":[{"href":"https:\/\/marjolletnaturopathe.fr\/index.php?rest_route=\/wp\/v2\/pages\/642","targetHints":{"allow":["GET"]}}],"collection":[{"href":"https:\/\/marjolletnaturopathe.fr\/index.php?rest_route=\/wp\/v2\/pages"}],"about":[{"href":"https:\/\/marjolletnaturopathe.fr\/index.php?rest_route=\/wp\/v2\/types\/page"}],"author":[{"embeddable":true,"href":"https:\/\/marjolletnaturopathe.fr\/index.php?rest_route=\/wp\/v2\/users\/1"}],"replies":[{"embeddable":true,"href":"https:\/\/marjolletnaturopathe.fr\/index.php?rest_route=%2Fwp%2Fv2%2Fcomments&post=642"}],"version-history":[{"count":5,"href":"https:\/\/marjolletnaturopathe.fr\/index.php?rest_route=\/wp\/v2\/pages\/642\/revisions"}],"predecessor-version":[{"id":719,"href":"https:\/\/marjolletnaturopathe.fr\/index.php?rest_route=\/wp\/v2\/pages\/642\/revisions\/719"}],"wp:attachment":[{"href":"https:\/\/marjolletnaturopathe.fr\/index.php?rest_route=%2Fwp%2Fv2%2Fmedia&parent=642"}],"curies":[{"name":"wp","href":"https:\/\/api.w.org\/{rel}","templated":true}]}}