{"id":700,"date":"2018-07-31T09:17:39","date_gmt":"2018-07-31T08:17:39","guid":{"rendered":"http:\/\/marjolletnaturopathe.fr\/?page_id=700"},"modified":"2023-02-06T10:24:35","modified_gmt":"2023-02-06T09:24:35","slug":"les-pages-du-mois","status":"publish","type":"page","link":"https:\/\/marjolletnaturopathe.fr\/?page_id=700","title":{"rendered":"Les pages du mois"},"content":{"rendered":"<p>Chaque mois quelques pages \u00e0 partager pour votre bien \u00eatre, ou pour une sensibilisation sur des sujets de sant\u00e9, d&rsquo;\u00e9cologie&#8230;<\/p>\n<p><strong>CE MOIS-CI :<\/strong><\/p>\n<p><strong><span style=\"color: #99cc00;\">Marie-Monique ROBIN :<\/span><\/strong> La fabrique des pand\u00e9mies<\/p>\n<p><em>Les activit\u00e9s humaines provoquent l&rsquo;\u00e9mergence&#8230;<\/em><\/p>\n<h6><em>cliquez sur les images<\/em> :<\/h6>\n<p><img loading=\"lazy\" decoding=\"async\" class=\"alignnone size-thumbnail wp-image-807\" src=\"https:\/\/marjolletnaturopathe.fr\/wp-content\/uploads\/2023\/02\/La-fabrique-des-pandemes-les-activ-humaines-provoquent-lemergence...3-150x150.jpg\" alt=\"\" width=\"150\" height=\"150\" \/><img loading=\"lazy\" decoding=\"async\" class=\"alignnone size-thumbnail wp-image-812\" src=\"https:\/\/marjolletnaturopathe.fr\/wp-content\/uploads\/2023\/02\/La-fabrique-des-pandemies-les-act-humaines-provoquent-lemergence...2-150x150.jpg\" alt=\"\" width=\"150\" height=\"150\" \/><img loading=\"lazy\" decoding=\"async\" class=\"alignnone size-thumbnail wp-image-813\" src=\"https:\/\/marjolletnaturopathe.fr\/wp-content\/uploads\/2023\/02\/La-fabrique-des-pandemies-les-activ-humaines-provoquent-lemergence...-150x150.jpg\" alt=\"\" width=\"150\" height=\"150\" \/><\/p>\n","protected":false},"excerpt":{"rendered":"<p>Chaque mois quelques pages \u00e0 partager pour votre bien \u00eatre, ou pour une sensibilisation sur des sujets de sant\u00e9, d&rsquo;\u00e9cologie&#8230; CE MOIS-CI : Marie-Monique ROBIN : La fabrique des pand\u00e9mies Les activit\u00e9s humaines provoquent l&rsquo;\u00e9mergence&#8230; cliquez sur les images :<\/p>\n","protected":false},"author":1,"featured_media":0,"parent":0,"menu_order":0,"comment_status":"open","ping_status":"open","template":"","meta":{"footnotes":""},"class_list":["post-700","page","type-page","status-publish","hentry"],"_links":{"self":[{"href":"https:\/\/marjolletnaturopathe.fr\/index.php?rest_route=\/wp\/v2\/pages\/700","targetHints":{"allow":["GET"]}}],"collection":[{"href":"https:\/\/marjolletnaturopathe.fr\/index.php?rest_route=\/wp\/v2\/pages"}],"about":[{"href":"https:\/\/marjolletnaturopathe.fr\/index.php?rest_route=\/wp\/v2\/types\/page"}],"author":[{"embeddable":true,"href":"https:\/\/marjolletnaturopathe.fr\/index.php?rest_route=\/wp\/v2\/users\/1"}],"replies":[{"embeddable":true,"href":"https:\/\/marjolletnaturopathe.fr\/index.php?rest_route=%2Fwp%2Fv2%2Fcomments&post=700"}],"version-history":[{"count":5,"href":"https:\/\/marjolletnaturopathe.fr\/index.php?rest_route=\/wp\/v2\/pages\/700\/revisions"}],"predecessor-version":[{"id":821,"href":"https:\/\/marjolletnaturopathe.fr\/index.php?rest_route=\/wp\/v2\/pages\/700\/revisions\/821"}],"wp:attachment":[{"href":"https:\/\/marjolletnaturopathe.fr\/index.php?rest_route=%2Fwp%2Fv2%2Fmedia&parent=700"}],"curies":[{"name":"wp","href":"https:\/\/api.w.org\/{rel}","templated":true}]}}